{"id":22,"date":"2019-09-02T14:00:49","date_gmt":"2019-09-02T12:00:49","guid":{"rendered":"http:\/\/www.campinggace.fr\/?page_id=22"},"modified":"2020-09-01T15:48:06","modified_gmt":"2020-09-01T13:48:06","slug":"le-camping","status":"publish","type":"page","link":"https:\/\/www.campinggace.fr\/index.php\/le-camping\/","title":{"rendered":"LE CAMPING"},"content":{"rendered":"<div class=\"row\">\n<blockquote><p>Camping Le Pressoir** \u00e0 Gac\u00e9<\/p><\/blockquote>\n<\/div>\n<blockquote>\n<div class=\"row\">\n<p><img loading=\"lazy\" decoding=\"async\" class=\"alignnone size-medium wp-image-141\" src=\"https:\/\/www.campinggace.fr\/wp-content\/uploads\/2019\/09\/DSC_0024-300x199.jpg\" alt=\"\" width=\"300\" height=\"199\" srcset=\"https:\/\/www.campinggace.fr\/wp-content\/uploads\/2019\/09\/DSC_0024-300x199.jpg 300w, https:\/\/www.campinggace.fr\/wp-content\/uploads\/2019\/09\/DSC_0024-768x511.jpg 768w, https:\/\/www.campinggace.fr\/wp-content\/uploads\/2019\/09\/DSC_0024-1024x681.jpg 1024w\" sizes=\"auto, (max-width: 300px) 100vw, 300px\" \/> <img loading=\"lazy\" decoding=\"async\" class=\"alignnone size-medium wp-image-145\" src=\"https:\/\/www.campinggace.fr\/wp-content\/uploads\/2019\/09\/DSC_0031-300x199.jpg\" alt=\"\" width=\"300\" height=\"199\" srcset=\"https:\/\/www.campinggace.fr\/wp-content\/uploads\/2019\/09\/DSC_0031-300x199.jpg 300w, https:\/\/www.campinggace.fr\/wp-content\/uploads\/2019\/09\/DSC_0031-768x511.jpg 768w, https:\/\/www.campinggace.fr\/wp-content\/uploads\/2019\/09\/DSC_0031-1024x681.jpg 1024w\" sizes=\"auto, (max-width: 300px) 100vw, 300px\" \/><\/p>\n<\/div>\n<\/blockquote>\n<div class=\"row\">\n<p>Id\u00e9alement situ\u00e9 aux portes du Pays d\u2019Auge, au sein d\u2019une agr\u00e9able petite cit\u00e9 normande au cachet intemporel, Le Camping Le Pressoir ** de Gac\u00e9 vous accueille lors de vos vacances, au coeur d\u2019une r\u00e9gion forte de son tourisme, de son environnement, de ses productions et de son pass\u00e9.<\/p>\n<\/div>\n<div class=\"row\">\n<p>Le Camping Le Pressoir** est le point de d\u00e9part id\u00e9al pour d\u00e9couvrir la r\u00e9gion de la Normandie, d\u2019une beaut\u00e9 exceptionnelle avec ses sites spectaculaires. Vous pourrez pratiquer sur place et \u00e0 proximit\u00e9 de nombreuses activit\u00e9s sportives, culturelles et visiter des sites touristiques majeurs. N\u2019h\u00e9sitez plus et offrez-vous une escapade dans cette r\u00e9gion magnifique.<\/p>\n<p>Le camping offre 28 emplacements ombrag\u00e9s, larges, bien arbor\u00e9s et plats avec des all\u00e9es goudronn\u00e9es pour l&rsquo;accessibilit\u00e9 et situ\u00e9 \u00e0 proximit\u00e9 du centre ville (tous commerces). Les parcelles sont gazonn\u00e9es et s\u00e9par\u00e9es par des haies de charmilles dans un cadre agr\u00e9able, calme et tr\u00e8s reposant.<\/p>\n<p>Un bureau d\u2019accueil est ouvert avec une pr\u00e9sence journali\u00e8re le matin et en soir\u00e9e.<\/p>\n<p>Vous avez \u00e0 votre disposition un cong\u00e9lateur, une table et bancs pour les repas de plein air, des jeux homologu\u00e9s pour les enfants, un coin vidange pour les camping-cars, des informations en anglais pour les \u00e9trangers. Ce camping se veut nature et donc sans wifi.<\/p>\n<p>Les sanitaires sont \u00e9quip\u00e9s d\u2019un coin vaisselle, de lavabos et de cabines de douche dont une compl\u00e8te PMR (Personne Mobilit\u00e9 R\u00e9duite).<\/p>\n<p><img loading=\"lazy\" decoding=\"async\" class=\"size-full wp-image-147 alignleft\" src=\"https:\/\/www.campinggace.fr\/wp-content\/uploads\/2019\/09\/Image1.png\" alt=\"\" width=\"142\" height=\"161\" \/>Il est situ\u00e9 \u00e0 2 km de la rivi\u00e8re, des randonn\u00e9es p\u00e9destres et vtt commencent au d\u00e9part du camping.<\/p>\n<p>Les animaux sont autoris\u00e9s sur les emplacements sous certaines conditions.<\/p>\n<p>Ouverture de la barri\u00e8re d&rsquo;entr\u00e9e \u00e0 7h le matin et fermeture \u00e0 22h.<\/p>\n<\/div>\n<div class=\"row\">\n<p>En famille ou entre amis, venez profitez d&rsquo;une ambiance familiale et conviviale !<\/p>\n<\/div>\n<div class=\"row\"><\/div>\n<div class=\"col-md-12\">\n<div class=\"row\"><\/div>\n<\/div>\n<div class=\"col-md-12 css_editable_mode_hidden\">\n<div class=\"row\"><\/div>\n<\/div>\n<div class=\"col-md-12 mt16\">\n<div class=\"row\">\n<div id=\"rmjs-1\" class=\"col-md-12 text-muted readmoreBnbDescription\" style=\"width: 100%; height: 135px;\" aria-expanded=\"false\" data-readmore=\"\">\n<div>\n<p>Ouvert du 15 mai au 30 septembre<\/p>\n<p>Consultez le <a href=\"http:\/\/www.gace.fr\/wp-content\/uploads\/R%C3%A9glement-int%C3%A9rieur-du-terrain-de-camping-de-Gac%C3%A9.pdf\" target=\"_blank\" rel=\"noopener noreferrer\">r\u00e8glement int\u00e9rieur du camping<\/a>.<\/p>\n<\/div>\n<\/div>\n<\/div>\n<\/div>\n","protected":false},"excerpt":{"rendered":"<p>Camping Le Pressoir** \u00e0 Gac\u00e9 Id\u00e9alement situ\u00e9 aux portes du Pays d\u2019Auge, au sein d\u2019une agr\u00e9able petite cit\u00e9 normande au cachet intemporel, Le Camping Le Pressoir ** de Gac\u00e9 vous accueille lors de vos vacances, au coeur d\u2019une r\u00e9gion forte de son tourisme, de son environnement, de ses productions et de son pass\u00e9. Le Camping &hellip; <\/p>\n<p><a class=\"more-link btn\" href=\"https:\/\/www.campinggace.fr\/index.php\/le-camping\/\">Lire la suite<\/a><\/p>\n","protected":false},"author":2,"featured_media":0,"parent":0,"menu_order":20,"comment_status":"closed","ping_status":"closed","template":"","meta":{"footnotes":""},"class_list":["post-22","page","type-page","status-publish","hentry","nodate","item-wrap"],"_links":{"self":[{"href":"https:\/\/www.campinggace.fr\/index.php\/wp-json\/wp\/v2\/pages\/22","targetHints":{"allow":["GET"]}}],"collection":[{"href":"https:\/\/www.campinggace.fr\/index.php\/wp-json\/wp\/v2\/pages"}],"about":[{"href":"https:\/\/www.campinggace.fr\/index.php\/wp-json\/wp\/v2\/types\/page"}],"author":[{"embeddable":true,"href":"https:\/\/www.campinggace.fr\/index.php\/wp-json\/wp\/v2\/users\/2"}],"replies":[{"embeddable":true,"href":"https:\/\/www.campinggace.fr\/index.php\/wp-json\/wp\/v2\/comments?post=22"}],"version-history":[{"count":6,"href":"https:\/\/www.campinggace.fr\/index.php\/wp-json\/wp\/v2\/pages\/22\/revisions"}],"predecessor-version":[{"id":257,"href":"https:\/\/www.campinggace.fr\/index.php\/wp-json\/wp\/v2\/pages\/22\/revisions\/257"}],"wp:attachment":[{"href":"https:\/\/www.campinggace.fr\/index.php\/wp-json\/wp\/v2\/media?parent=22"}],"curies":[{"name":"wp","href":"https:\/\/api.w.org\/{rel}","templated":true}]}}